of 418 and 697849119.
209
What is the highest common factor of 67008521 and 439?
439
What is the greatest common divisor of 233827 and 1105654?
319
What is the greatest common factor of 245 and 292660?
5
Calculate the greatest common divisor of 2385202 and 3379.
31
What is the greatest common factor of 34 and 38783783?
17
Calculate the greatest common divisor of 58255 and 1481690.
305
Calculate the greatest common divisor of 12813240 and 51.
51
Calculate the highest common divisor of 392247058 and 1862.
1862
What is the greatest common factor of 5503872 and 16?
16
Calculate the greatest common divisor of 24840 and 560280.
2760
What is the greatest common divisor of 9667261 and 2995?
599
Calculate the greatest common factor of 303966 and 807112.
866
Calculate the highest common divisor of 56153028 and 69.
69
What is the highest common factor of 414655409 and 20517?
6839
What is the greatest common factor of 3 and 11538687?
3
Calculate the greatest common divisor of 237 and 397971.
3
What is the highest common factor of 26280256 and 64?
64
What is the greatest common divisor of 2497 and 857461?
11
What is the greatest common divisor of 1748796 and 1344?
84
Calculate the greatest common factor of 23737045 and 365.
365
What is the highest common divisor of 1753455282 and 15348?
7674
What is the greatest common factor of 90 and 227407410?
90
What is the greatest common factor of 279040 and 136141?
109
Calculate the highest common factor of 1259597 and 1000696.
2909
What is the greatest common factor of 4656 and 18876006?
582
What is the greatest common factor of 11843 and 266591?
13
What is the greatest common divisor of 1464 and 164865066?
366
Calculate the highest common factor of 484 and 1054372.
44
Calculate the highest common factor of 9864 and 27775928.
1096
What is the highest common divisor of 443648711 and 187?
187
Calculate the highest common factor of 49250 and 2652605.
985
Calculate the highest common divisor of 3183697 and 1881.
209
Calculate the highest common divisor of 15061272 and 666516.
9948
Calculate the greatest common divisor of 22934547 and 9.
9
Calculate the highest common factor of 438 and 1012386.
6
What is the greatest common divisor of 294410 and 792370?
590
What is the highest common factor of 45530149 and 41307?
1967
Calculate the highest common divisor of 21 and 857509464.
21
Calculate the greatest common divisor of 7571 and 1026983437.
7571
Calculate the highest common divisor of 151840 and 97358640.
5840
What is the highest common divisor of 1312 and 236336?
16
Calculate the greatest common divisor of 7095030 and 155490.
2130
What is the highest common factor of 823422 and 39990?
186
Calculate the highest common divisor of 21319748 and 1424620.
12388
Calculate the greatest common factor of 68295 and 16799.
157
What is the greatest common factor of 44800 and 158640?
80
Calculate the highest common factor of 466856307 and 2439.
2439
Calculate the greatest common divisor of 8018 and 92629.
211
Calculate the greatest common divisor of 17874 and 428234229.
8937
What is the highest common divisor of 3635756 and 476?
68
Calculate the greatest common divisor of 135080 and 622072.
88
What is the highest common divisor of 1150 and 50626450?
1150
Calculate the highest common divisor of 1485 and 5360553.
297
What is the highest common divisor of 28 and 15666980?
28
Calculate the greatest common divisor of 333 and 443595183.
111
What is the highest common divisor of 7820506 and 607154?
9062
Calculate the greatest common factor of 20276 and 3904500.
548
Calculate the highest common divisor of 940 and 15218835.
235
What is the greatest common factor of 1316373 and 27921?
681
What is the greatest common factor of 426 and 329466?
6
Calculate the greatest common factor of 97782 and 3940842.
2274
Calculate the greatest common divisor of 41560 and 53804615.
5195
Calculate the highest common factor of 574700 and 38724.
28
Calculate the highest common divisor of 636975 and 224841.
447
What is the greatest common factor of 474973 and 2970427?
2461
Calculate the greatest common divisor of 275 and 7319675.
275
Calculate the greatest common factor of 9644464 and 8.
8
What is the highest common divisor of 1587 and 21309?
3
What is the greatest common divisor of 69885180 and 2160?
540
Calculate the highest common divisor of 2501400 and 1000.
200
What is the greatest common factor of 710840 and 2496?
104
What is the highest common factor of 673623834 and 38?
38
Calculate the highest common factor of 120 and 28322.
2
Calculate the highest common divisor of 222 and 208217352.
222
Calculate the highest common factor of 7708 and 114472.
164
Calculate the highest common factor of 94 and 11390834.
2
What is the greatest common factor of 4875566 and 2719949?
3281
What is the greatest common divisor of 38305953 and 54?
27
What is the highest common factor of 1661 and 43461?
11
Calculate the highest common factor of 1335 and 2591265.
15
What is the greatest common factor of 5595155915 and 215?
215
What is the highest common factor of 18363396 and 740?
148
What is the greatest common factor of 69143795 and 22785?
1085
Calculate the greatest common factor of 48600833 and 93336.
3889
What is the greatest common factor of 7716964 and 15489?
1721
What is the highest common factor of 1890849 and 6744?
843
Calculate the highest common divisor of 549120 and 756096.
4224
Calculate the greatest common divisor of 353129417 and 5947.
313
Calculate the highest common factor of 1079793 and 13221.
117
What is the greatest common factor of 2961022 and 4559?
97
What is the greatest common divisor of 21340 and 921274475?
5335
Calculate the greatest common divisor of 83496701 and 107.
107
What is the highest common divisor of 1025 and 1376275?
25
Calculate the greatest common divisor of 7253904 and 1302.
42
What is the highest common factor of 10528 and 8576184?
376
Calculate the highest common divisor of 8712 and 751992.
24
Calculate the highest common factor of 859556 and 3128.
92
Calculate the greatest common factor of 6324 and 5313214.
1054
Calculate the greatest common factor of 540 and 59789340.
540
What is the greatest common divisor of 34926082 and 30254?
4322
Calculate the highest common divisor of 15194953 and 291.
97
What is the greatest common divisor of 11328 and 2214447?
177
Calculate the greatest common divisor of 16553232 and 272.
16
What is the greatest common factor of 667 and 1849533?
29
Calculate the greatest common divisor of 111 and 267098079.
111
Calculate the greatest common factor of 738 and 1530068094.
738
Calculate the highest common factor of 6941572 and 31284.
3476
Calculate the greatest common factor of 1583879 and 4033.
109
Calculate the highest common divisor of 403 and 161634.
31
Calculate the highest common divisor of 992565 and 10395.
315
What is the highest common factor of 14440 and 298490?
190
Calculate the highest common factor of 180734 and 205758.
46
Calculate the greatest common divisor of 34292 and 2444.
4
What is the highest common divisor of 29485 and 7135?
5
Calculate the greatest common divisor of 621 and 73539927.
27
What is the highest common divisor of 37 and 147129316?
37
What is the greatest common factor of 24618 and 111474?
66
What is the highest common divisor of 1614375 and 1056447?
2583
What is the highest common divisor of 76183 and 2550521?
1073
Calculate the highest common factor of 54700 and 201683276.
2188
Calculate the highest common divisor of 10260 and 490800780.
3420
Calculate the greatest common factor of 397 and 18364823.
397
Calculate the highest common divisor of 2792504 and 81367.
143
What is the greatest common factor of 64422525 and 655?
655
What is the greatest common divisor of 290853423 and 8694?
4347
Calculate the greatest common divisor of 7975 and 22156.
29
What is the greatest common factor of 87235 and 862790?
1195
What is the highest common divisor of 80 and 15032072?
8
Calculate the highest common divisor of 319 and 5818054.
11
What is the greatest common factor of 5580 and 182844045?
1395
Calculate the greatest common factor of 23800 and 17596768.
952
Calculate the greatest common factor of 43272687 and 2802.
1401
Calculate the greatest common divisor of 372294238 and 47.
47
Calculate